of 32 and t.
16
Suppose 1571 = 20*z - 4009. What is the highest common factor of 9 and z?
9
Let o(s) = s - 2. Let p be o(6). Suppose -2*y - 59*y + 1952 = 0. What is the greatest common factor of y and p?
4
Suppose -16*v = -22*v + 1248. Calculate the greatest common factor of 80 and v.
16
Let z be 77 - 2*5/5. Let v = 119 - z. Calculate the greatest common divisor of v and 4.
4
Suppose 3*i + 12 = 9*i. Let k be (-332)/(-8) + 0 + (-3)/i. What is the highest common divisor of 8 and k?
8
Let v(n) = -n + 4. Let z = -5 + 5. Let w be v(z). Suppose -w*s + 2*s = -28. Calculate the highest common divisor of s and 154.
14
Suppose -26 = -2*m - w, 4*w + 12 = w. Suppose 5*p - 2*u - m = 108, -4*u - 85 = -3*p. Calculate the greatest common divisor of 46 and p.
23
Let v(y) = 6*y - 8. Let b be v(13). What is the greatest common factor of b and 50?
10
Suppose -7*z = -2*z. Suppose -4*h + 39 = -3*n, 4*h = -z*n - 3*n + 33. Suppose 69*s = 65*s + 288. Calculate the highest common factor of h and s.
9
Suppose -t + 3*z = 17, 14*t + 52 = 10*t - 4*z. Let k(u) = u**2 - 5*u - 63. Let p be k(t). Calculate the greatest common factor of 29 and p.
29
Suppose -f + 25*f - 480 = 0. What is the highest common divisor of f and 470?
10
Suppose 4*l = 2*f + 3*f - 1047, l + 248 = 4*f. Let j be l/(-22) + (-28)/154. Let y be (0 - -47) + 2 + -1. What is the highest common divisor of j and y?
12
Let i = -20 + 34. Let g be (-832)/(-3952) - (-661)/19. What is the greatest common factor of i and g?
7
Let a = 26 - 7. Suppose 2*j + 20 = 3*d + 6, 3*d - j - a = 0. What is the greatest common factor of 24 and d?
8
Suppose -6*o - 12*o = -792. What is the greatest common divisor of o and 44?
44
Let y(n) = 4*n - 24. Suppose 0*o - 48 = -4*o. Let f be y(o). Calculate the greatest common factor of f and 96.
24
Let x(k) = k**3 - 4*k**2 - 4*k + 5. Let g be x(4). Let v = g + 19. What is the greatest common factor of v and 56?
8
Let t(k) = k + 7. Let v be 737/55 - 4/10. Let o be t(v). Let w be o/(-30)*3/(-2). Calculate the highest common factor of w and 11.
1
Suppose 0 = o - 0*o - 88. Calculate the greatest common divisor of o and 484.
44
Let g be -16*((-6)/(-12) + -5). Calculate the greatest common factor of g and 108.
36
Let d be ((-552)/(-96))/(2/8). What is the greatest common divisor of d and 575?
23
Suppose -242*w = -6885 - 4973. Let p(m) = -m**2 + 7*m - 3. Let y be p(5). What is the highest common divisor of y and w?
7
Let a = 17 - 13. Suppose -2*m = -a*m. Suppose -i + m*i = -36. What is the highest common factor of i and 12?
12
Let h(p) = 105*p**2 + 3*p + 2. Let j be h(-1). What is the highest common factor of 286 and j?
26
Suppose -2*q = -5*d + 21, 2*d + 3*q = -0*d - 3. What is the greatest common divisor of 13 and d?
1
Suppose -31*a + 50235 = -19794. What is the greatest common factor of 9 and a?
9
Let u be 268 + (1 - (-2 + 1)). Calculate the greatest common factor of u and 30.
30
Let h be 16/6*3/2. Suppose -2*m - 2*z + 118 = 0, -3*m - z - 84 + 261 = 0. Let y = -27 + m. What is the highest common factor of y and h?
4
Let t be 2 - (0 + -2) - (0 - -2). Suppose -2*j - 654 = -4*k, k + t*k + j - 498 = 0. What is the greatest common factor of k and 15?
15
Suppose 3*d - 3*n = 9, 2*n - 6*n + 33 = 5*d. Let b be (2/d)/((-8)/(-160)). What is the greatest common factor of 80 and b?
8
Suppose 3*l - 29 = -2. Let a = -35 - -40. Suppose -2*m + 80 = 4*v, 2*v - a*m - 2 - 14 = 0. What is the highest common divisor of l and v?
9
Suppose 0*o = -o + 200. Let m = -5 + 105. Suppose 0 = -23*f + 27*f - m. What is the greatest common divisor of o and f?
25
Let i = -36 - -67. Suppose -4*u = -i - 21. What is the highest common factor of 104 and u?
13
Let x(r) = 10*r + 4. Let c be x(4). Suppose -m + c + 13 = 3*o, 5*m - 298 = -2*o. What is the highest common divisor of 10 and m?
10
Let p be (-6 - 1*-2)/(-1). Suppose 0 = -3*i + 6*i - 9. What is the highest common divisor of i and p?
1
Let x = 2130 - 1313. Calculate the highest common factor of 43 and x.
43
Let t be ((-59)/(-3))/1*24/(-8). Let f = t + 69. Calculate the greatest common factor of 15 and f.
5
Let y = 164 - -34. Let x(a) = a**2 - 4*a + 1. Let b(c) = -c + 7. Let j be b(0). Let d be x(j). What is the greatest common divisor of d and y?
22
Suppose 0 = h + g - 322, -5*h - 3*g + g = -1619. What is the highest common divisor of h and 25?
25
Let r be 1/(-3) + ((-74)/(-6) - 3). Let g(p) = 4*p**3 + 2*p**2 - 1. Let q be g(1). Let v = 4 + q. Calculate the greatest common factor of r and v.
9
Let u be (5 + -3)/((-19)/(-17) + -1). Suppose 0 = -4*x + 63 - 59. What is the greatest common factor of x and u?
1
Let t = 85 + -47. Suppose -10 + t = c. Suppose 28 = -f + 8*f. Calculate the greatest common factor of f and c.
4
Let h = 16 - -135. Suppose -t - 5 = -0*t, -4*b - t = -h. Suppose -6*g - 4*q = -g - 118, 0 = 5*g + q - 127. Calculate the highest common factor of g and b.
13
Suppose 225 = 33*v - 633. Calculate the greatest common factor of 1534 and v.
26
Let h(n) = 2*n**2 + 15*n + 14. Let r(q) = -2*q - 49. Let v be r(-21). Let d be h(v). Calculate the greatest common factor of 14 and d.
7
Let c(k) = 9*k + 218. Let j be c(-12). Calculate the highest common divisor of j and 45.
5
Let u = -22 - 13. Let t = u - -48. Calculate the highest common factor of t and 13.
13
Let x(f) be the second derivative of -f**5/20 + f**4/2 + f**3/3 - 9*f**2/2 - 12*f. Let q be x(6). What is the highest common factor of 12 and q?
3
Let g = -11 + 32. Let m be (-18)/(-4)*2/3. Suppose -4*l + 14 = 2*d, -35 = -8*d + m*d + l. What is the highest common divisor of g and d?
7
Suppose 0 = 2*d + p, 2*d = -3*p - p. Let q be (4 - d - 5) + 19. Suppose -149 = -t - 5. What is the highest common factor of t and q?
18
Let r = 220 - 136. What is the greatest common divisor of r and 12?
12
Let r = 64 - -4. Suppose 0 = -5*t - 4*u + r, 2*t + 0*u - u - 35 = 0. Calculate the highest common divisor of t and 96.
16
Let r(f) = -28*f**2 - 6*f + 6. Let m be r(-7). Let p be (m/14)/(-2) + (-6)/21. What is the highest common factor of p and 376?
47
Let w be -1*(381 - -4)/(-5). Let c = -65 - -76. What is the greatest common factor of w and c?
11
Let v(j) = -j**3 + 8*j**2 - j - 9. Let u be v(7). Calculate the greatest common factor of u and 495.
33
Let n be -3 + 43 - (-7 - -10). What is the greatest common factor of n and 296?
37
Let w be (6/(-2))/(2/(-18)). Let i be -1 + 7 + (-24)/(16/2). What is the greatest common factor of w and i?
3
Suppose -3*h + 5*t + 109 = -0*h, -3*h - 4*t + 91 = 0. Suppose -2*n + 3*m + 23 = 0, 5*n = m + h - 8. Calculate the highest common divisor of n and 36.
4
Let p = 43 - 60. Let c(b) = -2*b + 41. Let i be c(p). Calculate the greatest common factor of 50 and i.
25
Let v be (88/(-55))/((-2)/175). What is the greatest common factor of v and 130?
10
Suppose 2*d - 5*b - 1674 - 724 = 0, -b + 2422 = 2*d. What is the highest common divisor of 186 and d?
93
Suppose -43*z + 25 + 362 = 0. Suppose 0 = 4*r - 31 + 11. Let v = r + 40. Calculate the greatest common factor of v and z.
9
Suppose 3*p = -l + 2*l - 38, -l - 17 = 2*p. Let v = p - -17. Suppose -t = 3*a - 23, a - t + v*t - 3 = 0. What is the highest common divisor of 56 and a?
8
Let b = -18 + 51. Let t(w) = 13*w**3 - 3*w**2 + 1. Let m be t(2). Suppose 4*y + 0*y - 5*n = m, 3*y + n - 65 = 0. Calculate the highest common factor of b and y.
11
Let d = -156 + 373. Suppose -14*j + d = -7*j. What is the greatest common divisor of j and 31?
31
Let o = 4 + 11. Let a be -1*(o/(-3) - 2). Suppose 4*l - 2*c = -6, -l - 1 - 3 = -c. What is the greatest common factor of a and l?
1
Suppose -5*a + 3*w + 1871 = 0, 2*a = -4*w + 366 + 398. Calculate the highest common factor of a and 8.
8
Suppose -8 - 27 = -g + 3*v, -4*g + 140 = -3*v. Suppose 3*n - g = 4. What is the highest common divisor of n and 117?
13
Suppose -109 = -3*h - 11*i + 13*i, -3*h - 5*i = -74. Calculate the greatest common divisor of 429 and h.
33
Suppose f + i = 10, 0 = 4*i - 2*i. Let j be f/(-15)*(-66)/4. Let p = 8 + 91. What is the greatest common factor of j and p?
11
Suppose -5*z + 2*y + 554 = 0, 507 + 56 = 5*z + y. What is the greatest common factor of 1904 and z?
112
Let x be (4/14)/(23/1771). Calculate the highest common factor of 8 and x.
2
Suppose 5*w - 3*y - 19 = -7*y, 0 = -4*w + 3*y + 9. Suppose -4*h - l + 11